hat are the prime factors of 1726108?
2, 227, 1901
List the prime factors of 19178427.
3, 6392809
What are the prime factors of 493093?
493093
List the prime factors of 115720.
2, 5, 11, 263
What are the prime factors of 203310?
2, 3, 5, 251
What are the prime factors of 1270053?
3, 17, 2767
What are the prime factors of 3964080?
2, 3, 5, 83, 199
List the prime factors of 1230767.
283, 4349
What are the prime factors of 9979016?
2, 29, 43013
List the prime factors of 2788141.
197, 14153
List the prime factors of 1227721.
11, 111611
What are the prime factors of 981731?
981731
List the prime factors of 4726974.
2, 3, 7, 241, 467
List the prime factors of 45897.
3, 15299
List the prime factors of 630117.
3, 53, 1321
What are the prime factors of 837475?
5, 139, 241
What are the prime factors of 691644?
2, 3, 57637
List the prime factors of 91451.
109, 839
List the prime factors of 157305.
3, 5, 10487
What are the prime factors of 33791?
33791
What are the prime factors of 7568039?
7568039
List the prime factors of 12653414.
2, 6326707
What are the prime factors of 8060746?
2, 37, 108929
List the prime factors of 642109.
13, 49393
List the prime factors of 98477.
19, 71, 73
What are the prime factors of 9402231?
3, 109, 28753
What are the prime factors of 1004312?
2, 125539
What are the prime factors of 2541859?
43, 59113
List the prime factors of 3040850.
2, 5, 61, 997
List the prime factors of 5147410.
2, 5, 514741
List the prime factors of 2779841.
41, 67801
List the prime factors of 6144812.
2, 37, 41519
What are the prime factors of 78875?
5, 631
What are the prime factors of 9657863?
9657863
What are the prime factors of 6507355?
5, 1301471
What are the prime factors of 1494790?
2, 5, 11, 107, 127
What are the prime factors of 1133537?
1133537
List the prime factors of 4472582.
2, 193, 11587
List the prime factors of 357198.
2, 3, 37, 1609
What are the prime factors of 346292?
2, 86573
What are the prime factors of 3097798?
2, 11, 19, 7411
What are the prime factors of 263192?
2, 167, 197
List the prime factors of 15512333.
15512333
List the prime factors of 97174.
2, 7, 11, 631
List the prime factors of 6954429.
3, 1399, 1657
What are the prime factors of 351631?
7, 191, 263
What are the prime factors of 1199823?
3, 399941
List the prime factors of 11052990.
2, 3, 5, 13, 47, 67
List the prime factors of 6095236.
2, 7, 217687
List the prime factors of 112834.
2, 56417
What are the prime factors of 11351570?
2, 5, 43, 26399
What are the prime factors of 90244?
2, 7, 11, 293
What are the prime factors of 2101430?
2, 5, 210143
List the prime factors of 114158.
2, 11, 5189
What are the prime factors of 150100?
2, 5, 19, 79
List the prime factors of 1265769.
3, 17, 8273
What are the prime factors of 217769?
59, 3691
What are the prime factors of 1987744?
2, 11, 5647
What are the prime factors of 4201558?
2, 61, 34439
What are the prime factors of 314491?
314491
List the prime factors of 6122056.
2, 765257
What are the prime factors of 2749775?
5, 7, 19, 827
What are the prime factors of 6227293?
107, 58199
List the prime factors of 1449824.
2, 45307
List the prime factors of 527074.
2, 263537
List the prime factors of 8313900.
2, 3, 5, 7, 37, 107
What are the prime factors of 689656?
2, 11, 17, 461
List the prime factors of 4654955.
5, 930991
What are the prime factors of 634997?
11, 57727
What are the prime factors of 4252156?
2, 1063039
What are the prime factors of 1656236?
2, 41, 10099
List the prime factors of 2099220.
2, 3, 5, 59, 593
List the prime factors of 6950486.
2, 3475243
List the prime factors of 34305.
3, 5, 2287
What are the prime factors of 8900484?
2, 3, 43, 47, 367
What are the prime factors of 650661?
3, 11, 19717
List the prime factors of 870158.
2, 47, 9257
What are the prime factors of 6086670?
2, 3, 5, 202889
What are the prime factors of 8656015?
5, 313, 5531
What are the prime factors of 6999734?
2, 7, 37, 13513
List the prime factors of 163215.
3, 5, 13, 31
List the prime factors of 10102427.
881, 11467
What are the prime factors of 11917724?
2, 7, 13, 29, 1129
What are the prime factors of 789286?
2, 394643
What are the prime factors of 26101833?
3, 383, 22717
What are the prime factors of 95729?
29, 3301
What are the prime factors of 3885773?
79, 101, 487
What are the prime factors of 9312015?
3, 5, 523, 1187
List the prime factors of 7737561.
3, 13, 41, 1613
List the prime factors of 2183079.
3, 359, 2027
What are the prime factors of 226210?
2, 5, 22621
List the prime factors of 8119762.
2, 7, 579983
What are the prime factors of 149865?
3, 5, 97, 103
List the prime factors of 1431160.
2, 5, 37, 967
What are the prime factors of 12813132?
2, 3, 1067761
What are the prime factors of 6989806?
2, 101, 34603
What are the prime factors of 1300992?
2, 3, 7, 11
What are the prime factors of 175741?
43, 61, 67
List the prime factors of 288220.
2, 5, 14411
List the prime factors of 553814.
2, 276907
What are the prime factors of 62710?
2, 5, 6271
List the prime factors of 3384976.
2, 7, 30223
What are the prime factors of 2950887?
3, 79, 12451
What are the prime factors of 7342562?
2, 3671281
List the prime factors of 1655083.
199, 8317
What are the prime factors of 2706234?
2, 3, 451039
What are the prime factors of 12636300?
2, 3, 5, 73, 577
What are the prime factors of 3885?
3, 5, 7, 37
List the prime factors of 15567042.
2, 3, 19, 7187
What are the prime factors of 5014228?
2, 1253557
List the prime factors of 14677982.
2, 11, 667181
List the prime factors of 272139.
3, 7, 12959
List the prime factors of 286571.
53, 5407
List the prime factors of 25443827.
37, 293, 2347
List the prime factors of 503.
503
What are the prime factors of 173161?
43, 4027
What are the prime factors of 18202032?
2, 3, 41, 3083
List the prime factors of 22681.
37, 613
What are the prime factors of 58893?
3, 67, 293
What are the prime factors of 8833111?
7, 97, 13009
List the prime factors of 4009682.
2, 23, 67, 1301
What are the prime factors of 143854?
2, 17, 4231
What are the prime factors of 29364?
2, 3, 2447
List the prime factors of 9737980.
2, 5, 7, 69557
What are the prime factors of 194862?
2, 3, 47, 691
What are the prime factors of 6770947?
17, 23, 17317
List the prime factors of 14663049.
3, 4887683
List the prime factors of 2487221.
11, 173, 1307
What are the prime factors of 6312530?
2, 5, 7, 31, 2909
What are the prime factors of 1343690?
2, 5, 134369
What are the prime factors of 605349?
3, 67261
What are the prime factors of 6774842?
2, 3387421
What are the prime factors of 3322350?
2, 3, 5, 23, 107
What are the prime factors of 4124324?
2, 1031081
What are the prime factors of 6826128?
2, 3, 142211
What are the prime factors of 371054?
2, 185527
List the prime factors of 188482.
2, 7, 13463
List the prime factors of 1615741.
19, 277, 307
What are the prime factors of 2106886?
2, 257, 4099
List the prime factors of 78257.
139, 563
List the prime factors of 8345202.
2, 3, 37, 37591
What are the prime factors of 29986?
2, 11, 29, 47
What are the prime factors of 1490566?
2, 7, 11, 9679
List the prime factors of 1359254.
2, 13, 23, 2273
What are the prime factors of 5229498?
2, 3, 83, 10501
List the prime factors of 6820366.
2, 7, 17, 28657
List the prime factors of 12493761.
3, 7, 23, 25867
What are the prime factors of 1061615?
5, 67, 3169
List the prime factors of 14649534.
2, 3, 813863
What are the prime factors of 709440?
2, 3, 5, 739
What are the prime factors of 459303?
3, 13, 11777
What are the prime factors of 6434991?
3, 41, 5813
List the prime factors of 26837651.
26837651
List the prime factors of 11078950.
2, 5, 43, 5153
List the prime factors of 2019001.
2019001
List the prime factors of 217540.
2, 5, 73, 149
List the prime factors of 1976703.
3, 19, 34679
List the prime factors of 29980.
2, 5, 1499
List the prime factors of 455410.
2, 5, 45541
What are the prime factors of 1683865?
5, 336773
List the prime factors of 381039.
3, 157, 809
List the prime factors of 623193.
3, 31, 6701
List the prime factors of 245122.
2, 122561
List the prime factors of 5207405.
5, 7, 148783
List the prime factors of 36356.
2, 61, 149
What are the prime factors of 36740?
2, 5, 11, 167
List the prime factors of 8307577.
17, 23, 2